t u = l - 488. List the prime factors of u.
2, 3, 5, 7
Let h = 1 + 3. Let b(z) = -74*z - 441. Let l be b(-6). Suppose -5*m + 17 = h*u - 60, 0 = -2*u + l*m + 55. List the prime factors of u.
23
Let m be 1/(6/21)*24/14. Let f(h) = -11*h**2 + 11 + h**3 - 4*h - 4*h**2 + 10*h + m*h. What are the prime factors of f(15)?
191
Suppose 5*u - 168 = -3*u. Suppose 2*f + 4*r = 0, r + u = 4*f + 3. Suppose i + f*i = -o + 1086, 3*i - 4*o - 647 = 0. What are the prime factors of i?
7, 31
Let u(a) = -a**3 + 8*a**2 - 7*a - 5. Let f be u(5). Suppose -2*z = -n, -4*n + z + 0*z = -f. Suppose 529 - 1839 = -n*t. What are the prime factors of t?
131
Let a(z) = 214*z - 734. List the prime factors of a(38).
2, 3, 137
Let q = 11 - 11. Let i(u) = 27*u - 8 - u**2 + q*u**2 + 32. List the prime factors of i(21).
2, 3, 5
Suppose 4*w = 3*d - 990, -d - d = 5*w + 1226. Let k(n) = -3*n**2 - 17*n + 18. Let j be k(-15). Let f = w - j. What are the prime factors of f?
2, 3, 13
Suppose 9205 + 6248 = 3*t - 3*h, 9 = 3*h. List the prime factors of t.
2, 3, 859
Suppose 8*l + 34508 - 197620 = 0. What are the prime factors of l?
20389
Let s(k) = -k**2 - 8*k - 8. Let g = -77 - -70. Let h be s(g). List the prime factors of 1/(-7)*h + (-7384)/(-56).
2, 3, 11
Let p(h) = -h**3 - 20*h**2 + 35*h - 77. Let u be 184/20*(55/(-10) - -3). List the prime factors of p(u).
3, 5, 47
Let k be 24 + (-1)/(3/9). Let y = -107 + 67. Let q = k - y. What are the prime factors of q?
61
Let c be -4*10/(-4)*60/24. Suppose c*i - 14*i = 8646. What are the prime factors of i?
2, 3, 131
Let h(r) = -r**3 - r**2 - r + 1. Let u(v) = 6*v**3 + 9*v**2 - 8*v - 3. Let w(q) = -5*h(q) - u(q). Let j be w(-6). List the prime factors of (j/24)/(1/(-102)).
2, 17
Let h = 36545 - -4533. List the prime factors of h.
2, 19, 23, 47
Suppose w - 44 = -10*w. What are the prime factors of ((-3117)/w)/((-18)/24)?
1039
Suppose 3*m + 5*a = 31739, 81*a - 85*a + 52920 = 5*m. List the prime factors of m.
2, 2647
Suppose -9428*v = -9390*v - 569582. List the prime factors of v.
13, 1153
Suppose -4*p = 12, -16*n + 12*n + 5*p = -19883. List the prime factors of n.
4967
Let q(d) = -228*d**2 - 11*d - 3. Let p(h) = 342*h**2 + 16*h + 4. Let a(c) = 5*p(c) + 7*q(c). List the prime factors of a(2).
461
Let v(n) = -n**2 + 12*n + 31. Let x be v(11). Let p = 44 - x. Suppose -4*t - 4*f + 471 = -17, -5*t + 622 = p*f. List the prime factors of t.
2, 3, 7
Suppose 42*y - 103120 = 67064. List the prime factors of y.
2, 1013
Suppose 15*i - 3*i - 26436 = 0. Let l = -1413 + i. What are the prime factors of l?
2, 5, 79
Let l(s) = s**3 - 8*s**2 - 3*s + 16. Let m be l(7). Let d = m - -64. Suppose 2*n = 4*x - 932, 0 = 2*n + 3*n - d. List the prime factors of x.
2, 3, 13
Suppose -3*b - 17*b + 60 = 0. Suppose 3*i + 1227 = b*c, 0 = 4*c - 3*i - 1991 + 357. List the prime factors of c.
11, 37
Suppose -10 = -3*r - 4*j, -4*j - 29 = -9. Suppose 0 = r*o - 4*o - 174. What are the prime factors of o?
29
Let z = 11522 - 4488. What are the prime factors of z?
2, 3517
Let x = 32328 + -21271. List the prime factors of x.
11057
Suppose 101 = -2*d + 29. Let x be (1/(-2))/((-6)/d). Let o(v) = -v**3 + 3*v**2 - 2*v + 5. List the prime factors of o(x).
5, 13
Let j be 9 - (1 - (2 - 0) - -2). Suppose 0*q + q + 4 = 5*l, -j = q - l. Let z(w) = -6*w - 32. List the prime factors of z(q).
2, 11
Let y be 4*(-4 + (-2 - -1)). Let g be ((-5)/(y/9))/((-15)/(-680)). Let l = 306 - g. List the prime factors of l.
2, 3, 17
Let b(s) = -s**2 + 5*s + 5. Let y be b(6). Let n(x) = -106*x + 1. Let g(a) = 213*a - 1. Let f(k) = 2*g(k) + 5*n(k). List the prime factors of f(y).
107
Let l = -384 - -46058. List the prime factors of l.
2, 41, 557
Suppose -27 + 13 = -2*b. Let u be ((-34)/(-5))/(7/(-70)). Let r = b - u. What are the prime factors of r?
3, 5
Suppose -3*i + 21 = 6. Suppose -i*j - 29 = 156. Let a = 69 + j. List the prime factors of a.
2
Let a = -56056 + 100100. Suppose 0 = 45*j - j - a. List the prime factors of j.
7, 11, 13
Let c = 36435 + -23505. What are the prime factors of c?
2, 3, 5, 431
Let b = 3168 + -740. List the prime factors of b.
2, 607
Let m be ((-1808)/(-48))/(-1*2/(-12)). Suppose -w - m = -4*w - 5*x, 5*x = -w + 92. Let q = 137 - w. List the prime factors of q.
2, 5, 7
Suppose -12*m + 323140 = -31076. List the prime factors of m.
2, 14759
Suppose 16 = 89*n - 87*n, 5*n - 61514 = -k. What are the prime factors of k?
2, 7, 4391
Suppose -g - 4 = -0. Let r = -588 - -528. List the prime factors of 1/((g/r)/1).
3, 5
Suppose 3*t = m + 2*m, 5*m - 24 = -3*t. Let n = 71 - t. What are the prime factors of n?
2, 17
Let w be 5/(-4*(-4)/16). Suppose -7*u = -2*u - w*p - 1855, 1846 = 5*u + 4*p. What are the prime factors of u?
2, 5, 37
Let f = 24045 + 21960. List the prime factors of f.
3, 5, 3067
Let z(y) be the third derivative of -21*y**2 + 0 + 13/30*y**5 - 1/6*y**3 + 0*y + 1/24*y**4. What are the prime factors of z(-2)?
101
Suppose 10*s - 9*s - 21226 = -4*m, 42463 = 2*s - 3*m. What are the prime factors of s?
2, 5, 11, 193
Suppose -2*b = -5*k - 22, -k = -4*k - 4*b - 8. Let z be (72/81)/(k/(-18)). Suppose 2*n - 818 = -4*i, -z*i = n - 1010 + 191. List the prime factors of i.
5, 41
Let o = -8233 + 14375. What are the prime factors of o?
2, 37, 83
Let d be 6588/8 + -3 - (-3)/(-6). Suppose -284 - d = -3*b. Let q = b - 203. What are the prime factors of q?
3, 5, 11
Let q(v) = -6*v**2 + v - 2. Let x(p) = p - 8. Let g be x(5). Let i be q(g). Let k = 104 + i. List the prime factors of k.
3, 5
Suppose -y - b + 1 = 2, 4*y - 5*b = 23. Let p(z) = 3*z**2 - 19*z + 48. Let n be p(10). Suppose 2*a - n = -y*j, -5*a + a - 89 = -j. List the prime factors of j.
3
Let n = -20080 - -25726. What are the prime factors of n?
2, 3, 941
Let x(l) = l**2 - l. Let t(i) = -3*i**2 + 16*i + 17. Let f(b) = t(b) + 4*x(b). Let u be f(-17). What are the prime factors of 34*((-6)/(-33) + u/44)?
5, 17
Let v = -392 + 397. Suppose -v*m + 571 = -l - 387, 964 = 5*m + 2*l. List the prime factors of m.
2, 3
Suppose 0 = -2*d + 2*p - 0 + 4, 2*d - 4*p = 4. Suppose -1717 = -5*c + a, -d*c - 4*a = -4*c + 694. List the prime factors of c.
7
Suppose 77*o - 83*o + 33714 = 0. What are the prime factors of o?
3, 1873
Let k(v) = -26*v**2 - 35 - 57*v**3 + 32*v - 57*v**3 + 115*v**3. Let f be k(25). Suppose 4*g - 908 = -f. What are the prime factors of g?
2, 3
Suppose 4*y - 174172 + 115942 = 161506. List the prime factors of y.
2, 11, 227
Let l be (-4)/(-5)*(5 + -20). Let j(r) = r**3 + 12*r**2 - 4*r - 26. Let q be j(l). Let b = 67 - q. What are the prime factors of b?
3, 5
Let d be ((-6)/(-5))/((-15)/100). Let z(l) = -318 + 620 - 316 + l**2 - 17*l. What are the prime factors of z(d)?
2, 3, 31
Let z = 9768 + -6035. List the prime factors of z.
3733
Suppose 206917 = 27*o - 161492 + 3936. What are the prime factors of o?
13499
Let l(d) = -4*d**3 + 44*d**2 + 72*d - 57. Let y = 0 + -2. Let r(j) = -j**3 + 11*j**2 + 18*j - 14. Let x(g) = y*l(g) + 9*r(g). List the prime factors of x(12).
2, 3, 5
Suppose -4*d - 4*l = -22972, -d - 158 = 2*l - 5901. What are the prime factors of d?
5743
Let r = -3374 + 10125. List the prime factors of r.
43, 157
Let g(u) = 14*u**2 + 334*u - 5636. List the prime factors of g(18).
2, 307
Suppose -130577 = -16*b + 71675 + 18756. List the prime factors of b.
19, 727
Suppose -4*k = -f - 7501, -3*k + 0*k + 4*f + 5616 = 0. Suppose -13*h - 15*h + k = 0. What are the prime factors of h?
67
Let u be 3/(-1) + 35/25*5. Suppose -24 = u*d + 2*x, 5*d = -10*x + 5*x - 40. List the prime factors of (15/d)/(6/(-112)).
2, 5, 7
Suppose 108188 = 8*o - 3*o - m, 5*m = -15. What are the prime factors of o?
7, 11, 281
Let i = -106 - -111. Suppose -i*y + 168 = 3. Suppose -5*v = 5*j - 0*j - 165, j = -5*v + y. List the prime factors of j.
3, 11
Let f(m) = m**2 - m - 22. Let v be f(0). Let j = v - -46. Let h = -8 + j. What are the prime factors of h?
2
Suppose 825 = -k + 4*k - f, 2*k - 2*f - 546 = 0. Suppose 2*u - 3*h = -0*u - k, -5*u - 732 = 3*h. Let j = u + 215. What are the prime factors of j?
71
Suppose k = -4*u + 9238 + 72348, 4*k - 8 = 0. What are the prime factors of u?
2, 5099
Let x(c) = -18*c - 6. Let f(w) = -3*w - 46. Let p be f(-19). Suppose -d - p = -4. List the prime factors of x(d).
2, 3, 5
Suppose -2*z + 7378 = 3*v - 23989, -3*z + v = -47056. List the prime f